 of s and 24?
12
Let w(x) be the first derivative of x**4/4 - 8*x**3/3 + 4*x**2 + 3*x - 3. Let p be w(7). What is the highest common divisor of 110 and p?
10
Let z = -7 + 18. Let x = z + 9. Let b(m) = 10*m**2. Let v be b(1). Calculate the highest common divisor of x and v.
10
Let y(h) = 5*h - 15. Let b be y(5). What is the greatest common factor of 110 and b?
10
Let x(a) = a - a + 8 - 5*a. Let l be x(-11). What is the highest common divisor of 7 and l?
7
Suppose -14 = -5*z - 4, 2*z - 244 = -5*g. Calculate the greatest common divisor of g and 6.
6
Let j(t) = 2*t**2 + 6*t - 12. Let m be j(-7). What is the highest common factor of 11 and m?
11
Let i be (-9)/4*(-48)/36. Let k = 8 - -1. Calculate the greatest common factor of k and i.
3
Let y be (-2)/3 + 8/12. Suppose -3*a - 4*q + 119 = y, 4*q = -1 + 21. Calculate the greatest common divisor of a and 22.
11
Let p be (2/2)/((-2)/(-6)). Suppose 0 = -3*j + 2*j + 2. What is the greatest common factor of j and p?
1
Suppose 5*y + 7*a = 3*a - 5, -2*y + 3*a + 21 = 0. Suppose -2*u = -3*z + 63, -2*z + y*z - 21 = 2*u. What is the highest common factor of 231 and z?
21
Let u be -2 - (771/(-45) + (-8)/(-60)). Calculate the greatest common factor of u and 15.
15
Suppose p + 4 = 2*p. Suppose -z + 42 = y - 29, -p*y = -5*z - 257. What is the highest common factor of y and 17?
17
Let d = -101 - -151. Calculate the highest common factor of d and 10.
10
Let m be 146/30 + -5 - (-64)/30. Calculate the greatest common factor of m and 4.
2
Suppose 2*j - 80 = -2*j. Calculate the highest common divisor of j and 8.
4
Let n = 1 - 0. Let o be 2 - (1 + 0 - n). What is the highest common factor of o and 8?
2
Let r be (3 + (-24)/9)*6. Suppose -237 = -r*f + 6*x - 11*x, 0 = 3*f - 2*x - 365. Calculate the highest common divisor of 11 and f.
11
Suppose 330 = 5*a + 5*t, -5*a + 160 = -2*t - 149. What is the highest common factor of a and 7?
7
Let a be 90 - ((-3)/3 - 4). Calculate the greatest common divisor of a and 19.
19
Let l(f) be the first derivative of -f**4/4 + 7*f**3/3 + f**2/2 - 7*f - 3. Let t be l(5). What is the greatest common divisor of t and 12?
12
Let w(u) = -12*u - 4. Let p be w(-5). Suppose 2*v - 3*v - 4*b - 3 = 0, -6 = -2*v - 2*b. Suppose -3 = -n + v. What is the greatest common divisor of n and p?
8
Let d = -91 + 187. What is the highest common factor of 12 and d?
12
Suppose -4*j + 7*p - 3*p = -776, -2*p + 396 = 2*j. Suppose a - j = -3*a. Let w be (28/(-6))/((-6)/9). What is the greatest common divisor of w and a?
7
Suppose 7*p = -13*p + 340. What is the highest common divisor of 323 and p?
17
Let y(a) = -239*a + 1. Let w be y(-1). Calculate the highest common factor of 30 and w.
30
Let y be (-466)/(-12) - 2/(-12). What is the greatest common factor of y and 26?
13
Let j = 1 - -10. Suppose -u + 132 = -0*u. Suppose u = -i + 5*i. What is the highest common divisor of i and j?
11
Let m = 61 + -46. What is the highest common factor of 60 and m?
15
Let t = 19 + 77. Suppose -t = -2*x - 2*x. What is the highest common factor of 3 and x?
3
Suppose -x = -0*x - 2*w - 153, 0 = 3*w. What is the greatest common factor of 17 and x?
17
Let z(a) = 2*a**3 - 2*a**2 - 3*a - 3. Let m be z(4). Suppose 1 = 2*o - 17. What is the highest common divisor of m and o?
9
Let x be (-58)/(-5) + (-8)/(-20). Suppose 3*u = m - 6*m + 44, -2*m + 8 = 0. What is the greatest common factor of u and x?
4
Let a(b) = -b + 4. Let u be a(-4). What is the highest common divisor of 24 and u?
8
Let h(k) = 2*k - 2. Let f be h(4). Let p = -131 + 273. Suppose -4*w + 50 = -p. What is the greatest common divisor of f and w?
6
Let f = -4 + 33. Let q = f + -15. Suppose 0 = k - 3*k - 3*g + 109, -2*g = 5*k - 278. Calculate the highest common factor of q and k.
14
Suppose -2*p - 1 = -p, -695 = -4*c - p. Suppose 5*y = c - 64. Let x = y + -10. Calculate the greatest common divisor of x and 132.
12
Suppose f + f = 3*l - 9, 0 = 2*f + l - 3. Suppose -3*u + h + 227 + 303 = f, -878 = -5*u - h. Calculate the greatest common factor of 16 and u.
16
Suppose -3*s + o + 4*o + 10 = 0, -5*s + 3*o = -38. Let l = -3 - 0. Let h be l/(1*9/(-6)). What is the greatest common divisor of h and s?
2
Suppose 0 = 5*f - 15, 5*v = 2*v - 5*f + 63. What is the greatest common divisor of v and 4?
4
Suppose -4*i + 8*k - 3*k = -62, -i = -5*k - 8. Calculate the greatest common factor of i and 27.
9
Let w = 127 + -67. What is the highest common divisor of w and 24?
12
Let d(b) = -9*b**3 + b**2 - 1. Let y be (-4)/(-6) + (-25)/15. Let t be d(y). Calculate the greatest common factor of 27 and t.
9
Let h(t) = -t**3 + 5*t**2 + 3*t - 3. Let i be h(3). Calculate the greatest common divisor of i and 264.
24
Let g = -459 + 884. Suppose 5*n - 1 = c - 0, -4*c = n + 4. Suppose 4*y + 3*l - g = -n*y, y - 120 = 2*l. What is the greatest common factor of y and 10?
10
Let o be (-4)/(-6) - (-62)/6. Let x = -54 - -65. What is the greatest common factor of o and x?
11
Suppose 3*q = -3*j + 5*j + 45, 0 = -q + 2*j + 19. Let u = -10 + q. Calculate the greatest common divisor of u and 6.
3
Let y = -48 + 123. What is the greatest common divisor of 30 and y?
15
Suppose -4*h + 12 = -0*h. Let w = h - -1. Let u = -8 - -16. Calculate the greatest common divisor of w and u.
4
Suppose -4*x + 5*y + 42 = -138, -3*x + 2*y = -135. Suppose 3 = -0*p + 3*p, 5*p = -5*o - 40. Let d = o + 24. What is the highest common factor of x and d?
15
Let t(b) = 44*b. Let o be t(2). Suppose a + a = -o. Let l = -20 - a. What is the greatest common factor of 216 and l?
24
Let t(u) = -u**3 - 2*u**2 + 4*u + 3. Let y be t(-3). Suppose y = 2*r + 3*r - 75. Calculate the highest common divisor of r and 5.
5
Let d(y) = -y**2 - y + 2. Let s be d(0). Let v = s + 2. Suppose 9*p - 40 = v*p. Calculate the greatest common divisor of p and 20.
4
Let w = -1 - -20. What is the greatest common divisor of w and 19?
19
Suppose 3*k - 510 = -405. Calculate the greatest common divisor of k and 7.
7
Suppose -11*m + 6*m = 0. Suppose 7 + m = v. Calculate the greatest common factor of v and 28.
7
Suppose -b + 29 = 2*g, g - b = b + 7. Let f = -220 + 337. What is the highest common divisor of f and g?
13
Suppose 0 = 4*w - 3*w. Suppose 2*l + w = 6. Let g be (2/(-2))/(1/(-2)). Calculate the greatest common divisor of g and l.
1
Let t be 44/6*(-3)/(-2). Let o(r) = -r**3 + 10*r**2 + 13*r - 12. Let z be o(t). Calculate the greatest common factor of z and 30.
10
Suppose 7 + 1 = 2*y. Calculate the highest common divisor of y and 12.
4
Suppose 5*h = -3*u - 20, -3*u - h + 1 - 5 = 0. Suppose -w + 20 - 5 = u. Suppose 5*n - 126 = 99. What is the greatest common factor of n and w?
15
Let g be 2/(-1) + 5 + -1. Suppose 3*s = -4*a + 20, 3*s + 5*a - 40 = -g*s. Calculate the highest common divisor of 24 and s.
12
Let q(w) = 12*w. Let k be q(1). Let o be ((-28)/20 + 1)*-75. What is the highest common factor of o and k?
6
Let z = -4 - -1. Let w be z - (2 - 3) - -15. Calculate the highest common divisor of 13 and w.
13
Let w be 2*-1 - -2 - -4. Suppose w*t + 0 = -4. Let s be 3 + 0 + t + 169. What is the highest common divisor of s and 19?
19
Suppose 5*m - 2*c + 0*c = 114, 0 = 4*c + 8. Let s(a) = -a**2 - 5*a + 2. Let k be s(-5). What is the greatest common factor of k and m?
2
Suppose 2*f = -f + 2*d + 96, d + 3 = 0. Let o = -14 + f. Suppose -5*s = -48 - 32. Calculate the highest common divisor of o and s.
16
Let u(j) = 7*j - 3. Suppose 4*q - 2 = -4*a - a, a - 2*q - 6 = 0. Let b be u(a). Calculate the highest common factor of 55 and b.
11
Let m = 1 + 1. Let d(g) = g**3 - 5*g**2 + 4*g + 1. Let b be d(4). Calculate the highest common divisor of m and b.
1
Let x be (-6 + 24)/((-1)/(-3)). Calculate the greatest common divisor of x and 594.
54
Let n(u) = 21*u**2 - 1. Let h be n(1). Suppose 4*w + 5*l = -w + 700, -4*l = 0. What is the highest common factor of h and w?
20
Let h(y) = 25*y**2 - y - 2. Suppose 12*k - 10*k = -4. Let a be h(k). Calculate the greatest common divisor of a and 20.
20
Suppose -2*p = 14 - 38. Let m be p/14*7/2. What is the highest common divisor of m and 15?
3
Let b be -30*(0 + (-88)/3). Suppose 5*s - s - b = 0. Let l be (1*-3)/((-6)/s). Calculate the greatest common divisor of 10 and l.
10
Suppose -2*h - 2 = -6. Let v = -3 - -25. What is the highest common divisor of v and h?
2
Let r(p) = -p